dred thousands digit of 3211925444?
9
What is the hundred thousands digit of 23692305?
6
What is the millions digit of 7304704?
7
What is the millions digit of 1047186112?
7
What is the hundred thousands digit of 43115845?
1
What is the ten thousands digit of 21094333?
9
What is the billions digit of 1550322453?
1
What is the hundred millions digit of 115130436?
1
What is the hundred thousands digit of 2307074?
3
What is the hundred millions digit of 1177546166?
1
What is the millions digit of 1598287?
1
What is the ten millions digit of 794289220?
9
What is the millions digit of 82804026?
2
What is the units digit of 540500394?
4
What is the units digit of 5817421635?
5
What is the hundred thousands digit of 362157012?
1
What is the millions digit of 4338497813?
8
What is the thousands digit of 198374080?
4
What is the ten thousands digit of 250025640?
2
What is the units digit of 443186488?
8
What is the ten thousands digit of 1367766816?
6
What is the tens digit of 104448059?
5
What is the millions digit of 206656478?
6
What is the hundred millions digit of 1385198933?
3
What is the hundreds digit of 2924567510?
5
What is the thousands digit of 169527263?
7
What is the hundred thousands digit of 83334420?
3
What is the hundred millions digit of 125025343?
1
What is the units digit of 314247884?
4
What is the millions digit of 143712660?
3
What is the thousands digit of 4644293912?
3
What is the ten thousands digit of 301791460?
9
What is the hundreds digit of 332960267?
2
What is the hundred millions digit of 111166798?
1
What is the units digit of 82667301?
1
What is the ten thousands digit of 95637722?
3
What is the hundreds digit of 346329321?
3
What is the ten thousands digit of 91312861?
1
What is the hundred millions digit of 435420676?
4
What is the millions digit of 139427042?
9
What is the millions digit of 2510803246?
0
What is the tens digit of 736686330?
3
What is the ten millions digit of 1415285692?
1
What is the millions digit of 2196377063?
6
What is the units digit of 30412453?
3
What is the thousands digit of 35658070?
8
What is the units digit of 472119730?
0
What is the hundreds digit of 3096103583?
5
What is the hundreds digit of 43522293?
2
What is the thousands digit of 29476954?
6
What is the hundred millions digit of 303196907?
3
What is the ten thousands digit of 55960571?
6
What is the ten thousands digit of 776778943?
7
What is the units digit of 104696621?
1
What is the tens digit of 310026274?
7
What is the hundred thousands digit of 104918858?
9
What is the hundreds digit of 68351585?
5
What is the ten millions digit of 1813631991?
1
What is the hundred thousands digit of 31970288?
9
What is the ten thousands digit of 20858666?
5
What is the ten thousands digit of 1005127969?
2
What is the ten thousands digit of 380361986?
6
What is the ten thousands digit of 345994251?
9
What is the hundred thousands digit of 10204979?
2
What is the ten millions digit of 681698786?
8
What is the ten thousands digit of 339935869?
3
What is the millions digit of 15503089?
5
What is the units digit of 19989752?
2
What is the ten millions digit of 8306763576?
0
What is the millions digit of 152523510?
2
What is the ten thousands digit of 14821952?
2
What is the units digit of 1653726980?
0
What is the hundred millions digit of 168916852?
1
What is the ten millions digit of 1311098480?
1
What is the millions digit of 1004465181?
4
What is the hundred thousands digit of 45804812?
8
What is the tens digit of 106750904?
0
What is the hundred millions digit of 521091210?
5
What is the thousands digit of 476003318?
3
What is the ten millions digit of 4121000048?
2
What is the units digit of 2124044?
4
What is the ten thousands digit of 6546116?
4
What is the millions digit of 598321093?
8
What is the units digit of 775367449?
9
What is the hundreds digit of 1828508892?
8
What is the tens digit of 1616235711?
1
What is the thousands digit of 499741549?
1
What is the ten thousands digit of 57513319?
1
What is the hundred thousands digit of 140659640?
6
What is the units digit of 196255302?
2
What is the ten thousands digit of 901270664?
7
What is the ten thousands digit of 26789782?
8
What is the hundreds digit of 3298797241?
2
What is the units digit of 71233642?
2
What is the hundreds digit of 464218315?
3
What is the ten thousands digit of 24177897?
7
What is the hundred thousands digit of 1280802123?
8
What is the tens digit of 37796302?
0
What is the thousands digit of 2394003614?
3
What is the ten thousands digit of 75465954?
6
What is the tens digit of 28993704?
0
What is the hundred millions digit of 758202972?
7
What is the hundred millions digit of 4193773088?
1
What is the thousands digit of 1575875222?
5
What is the units digit of 6655756894?
4
What is the hundreds digit of 8866656618?
6
What is the billions digit of 3330264933?
3
What is the hundreds digit of 286071433?
4
What is the thousands digit of 252133893?
3
What is the hundred thousands digit of 97313891?
3
What is the tens digit of 2588243181?
8
What is the ten millions digit of 581009267?
8
What is the tens digit of 47096910?
1
What is the hundred millions digit of 5488990907?
4
What is the millions digit of 527929080?
7
What is the hundreds digit of 627611419?
4
What is the billions digit of 1443928663?
1
What is the hundred thousands digit of 161280478?
2
What is the ten millions digit of 802678887?
0
What is the tens digit of 2504105600?
0
What is the units digit of 1720553470?
0
What is the units digit of 165120142?
2
What is the units digit of 2373682?
2
What is the ten thousands digit of 34890199?
9
What is the millions digit of 24666733?
4
What is the millions digit of 111968804?
1
What is the millions digit of 346064124?
6
What is the thousands digit of 34992057?
2
What is the ten millions digit of 43062382?
4
What is the thousands digit of 163766686?
6
What is the units digit of 121671224?
4
What is the ten millions digit of 11380963?
1
What is the hundred thousands digit of 538225444?
2
What is the ten millions digit of 97073585?
9
What is the hundreds digit of 188063068?
0
What is the ten millions digit of 1362911984?
6
What is the units digit of 1035097656?
6
What is the ten thousands digit of 409937755?
3
What is the ten millions digit of 505635741?
0
What is the tens digit of 26991545?
4
What is the billions digit of 7501188172?
7
What is the units digit of 302037552?
2
What is the hundred thousands digit of 115139175?
1
What is the ten millions digit of 2180158025?
8
What is the thousands digit of 279655816?
5
What is the tens digit of 1899641645?
4
What is the hundred thousands digit of 99058893?
0
What is the ten millions digit of 20840749?
2
What is the ten millions digit of 43686777?
4
What is the hundreds digit of 184387817?
8
What is the tens digit of 666122923?
2
What is the units digit of 223902039?
9
What is the hundred millions digit of 4562419083?
5
What is the units digit of 4821301910?
0
What is the hundreds digit of 299876533?
5
What is the millions digit of 66568294?
6
What is the tens digit of 72753382?
8
What is the hundred thousands digit of 987080209?
0
What is the hundreds digit of 9090080?
0
What is the ten thousands digit of 133467412?
6
What is the units digit of 179276661?
1
What is the hundreds digit of 185157569?
5
What is the ten millions digit of 43338354?
4
What is the ten millions digit of 47065831?
4
What is the tens digit of 457858228?
2
What is the hundred thousands digit of 764816671?
8
What is the hundreds digit of 63523276?
2
What is the tens digit of 2137963826?
2
What is the thousands digit of 195909527?
9
What is the millions digit of 39822517?
9
What is the ten millions digit of 41809305?
4
What is the ten thousands digit of 359489758?
8
What is the tens digit of 700623681?
8
What is the hundreds digit of 684576608?
6
What is the tens digit of 347231317?
1
What is the millions digit of 8377313?
8
What is the hundred millions digit of 4443191057?
4
What is the tens digit of 1161115332?
3
What is the millions digit of 88384306?
8
What is the ten thousands digit of 2732595852?
9
What is the ten millions digit of 457571682?
5
What is the units digit of 14875240?
0
What is the units digit of 13087718?
8
What is